{"id":598,"date":"2022-10-05T18:40:24","date_gmt":"2022-10-05T22:40:24","guid":{"rendered":"https:\/\/emcmtl.org\/community-development\/"},"modified":"2026-04-20T11:22:39","modified_gmt":"2026-04-20T15:22:39","slug":"developpement-communautaire","status":"publish","type":"page","link":"https:\/\/emcmtl.org\/fr\/developpement-communautaire\/","title":{"rendered":"D\u00e9veloppement communautaire"},"content":{"rendered":"\n<div class=\"wp-block-cover\" style=\"min-height:300px;aspect-ratio:unset;\"><img decoding=\"async\" class=\"wp-block-cover__image-background wp-image-826\" alt=\"Community Development\" src=\"https:\/\/emcmtl.org\/wp-content\/uploads\/2024\/05\/community-development.jpeg\" style=\"object-position:50% 1%\" data-object-fit=\"cover\" data-object-position=\"50% 1%\"\/><span aria-hidden=\"true\" class=\"wp-block-cover__background has-background-dim-20 has-background-dim\"><\/span><div class=\"wp-block-cover__inner-container is-layout-flow wp-block-cover-is-layout-flow\">\n<p class=\"has-text-align-center has-base-3-color has-text-color has-large-font-size\">D\u00e9veloppement communautaire<\/p>\n<\/div><\/div>\n\n\n\n<div class=\"wp-block-group\"><div class=\"wp-block-group__inner-container is-layout-flow wp-block-group-is-layout-flow\">\n<p>EMC est conscient que l\u2019agenda des seniors est souvent exclu des initiatives plus larges. Notre r\u00f4le de longue date consiste \u00e0 informer divers secteurs tels que ceux ax\u00e9s sur les femmes, la pauvret\u00e9, les minorit\u00e9s linguistiques et les communaut\u00e9s ethnoculturelles. Cette initiative a \u00e9t\u00e9 largement motiv\u00e9e par le fait que les questions touchant les citoyens de 50 ans et plus \u00e0 faible revenu sont soit absentes, soit sous-repr\u00e9sent\u00e9es dans les discussions de ces groupes. EMC contribue \u00e9galement \u00e0 la base de connaissances en g\u00e9rontologie sociale et \u00e0 l&rsquo;impact des d\u00e9terminants sociaux de la sant\u00e9 en participant \u00e0 des projets de recherche men\u00e9s aux niveaux local, national et international.<\/p>\n\n\n\n<ul class=\"wp-block-list is-style-checkbox\">\n<li>EMC d\u00e9montre une compr\u00e9hension de l&rsquo;importance des <strong>enjeux li\u00e9s \u00e0 la population<\/strong> tels que le logement et la s\u00e9curit\u00e9 alimentaire en s&rsquo;associant avec des organisations telles que Le D\u00e9p\u00f4t (Centre alimentaire communautaire de NDG) ainsi qu&rsquo;en collaborant \u00e0 la planification strat\u00e9gique de NDG.<\/li>\n\n\n\n<li>EMC accueille des stagiaires de <strong>l&rsquo;\u00c9cole de sciences infirmi\u00e8res et de travail social de Universit\u00e9 McGill ainsi que du D\u00e9partement de loisirs th\u00e9rapeutiques de Universit\u00e9 Concordia.<\/strong><\/li>\n\n\n\n<li>En 2019, EMC a rejoint 23 organisations \u00e0 travers le Qu\u00e9bec dans le cadre d&rsquo;une Network Partnership Initiative (NPI). Ces travaux visent \u00e0 soutenir l&rsquo;acc\u00e8s de la population anglophone au r\u00e9seau de la sant\u00e9 et des services sociaux. Il est financ\u00e9 par <strong>le R\u00e9seau communautaire de sant\u00e9 et de services sociaux (CHSSN<\/strong>) par l&rsquo;interm\u00e9diaire de Sant\u00e9 Canada, du Secr\u00e9tariat provincial \u00e0 la population anglophone et de la Fondation Chagnon.<\/li>\n\n\n\n<li>EMC a d\u00e9velopp\u00e9 <strong>Clic Social<\/strong>, une plateforme de prescription sociale \u00e0 disposition des professionnels du syst\u00e8me public de sant\u00e9. EMC est \u00e9galement membre de l&rsquo;Alliance canadienne pour la prescription sociale.<\/li>\n\n\n\n<li>EMC co-anime la Table des a\u00een\u00e9s de Montr\u00e9al Centre-Ouest et la Table de sant\u00e9 mentale de Montr\u00e9al Centre-Ouest pour la population anglophone, qui regroupent des repr\u00e9sentants d&rsquo;organismes de ce territoire. Ils constituent des opportunit\u00e9s de partage d\u2019informations et de r\u00e9seautage qui servent \u00e0 renforcer la communaut\u00e9 dans des domaines de pr\u00e9occupation communs.<\/li>\n\n\n\n<li>EMC participe activement \u00e0 la collaboration avec COMACO, une coalition d&rsquo;organisations qui soutiennent les personnes \u00e2g\u00e9es vivant dans la communaut\u00e9.<\/li>\n\n\n\n<li>EMC offre des programmes aux r\u00e9sidents de <strong>Chez Soi<\/strong>, un immeuble d&rsquo;appartements sans but lucratif qu&rsquo;elle a contribu\u00e9 \u00e0 cofonder en 2004.<\/li>\n\n\n\n<li>EMC fournit des programmes et du soutien en tant qu&rsquo;organisation locale d\u00e9sign\u00e9e responsable du <strong>soutien communautaire au logement social (<\/strong>HLM).<\/li>\n\n\n\n<li>EMC s&rsquo;implique activement aupr\u00e8s du <strong>Comit\u00e9 des usagers de Cavendish<\/strong>, charg\u00e9 d&rsquo;informer les usagers des services de sant\u00e9 et des services sociaux du centre-ouest de Montr\u00e9al de leurs droits et obligations tout en apportant des r\u00e9ponses aux pr\u00e9occupations.<\/li>\n\n\n\n<li>EMC offre des programmes de sensibilisation au <strong>Centre Monkland<\/strong> dans le cadre de l&rsquo;Initiative de bien-\u00eatre des personnes \u00e2g\u00e9es financ\u00e9e par le CHSSN.<\/li>\n\n\n\n<li>EMC est membre du comit\u00e9 consultatif communautaire du centre de connaissances Dementia Community Investment (DCI), qui a d\u00e9velopp\u00e9 une communaut\u00e9 de pratique pour partager des informations, des id\u00e9es et des opportunit\u00e9s de collaboration \u00e0 travers les 18 projets financ\u00e9s dans le cadre du programme Dementia de l&rsquo;Agence de la sant\u00e9 publique du Canada. Investissement communautaire. Les objectifs sont de cr\u00e9er une plateforme pour exploiter et promouvoir les r\u00e9sultats des programmes et les meilleures pratiques pertinentes \u00e0 la communaut\u00e9 des politiques et des programmes sur la d\u00e9mence \u00e0 travers le Canada.<\/li>\n<\/ul>\n<\/div><\/div>\n\n\n\n<div class=\"wp-block-columns is-layout-flex wp-container-core-columns-is-layout-9d6595d7 wp-block-columns-is-layout-flex\">\n<div class=\"wp-block-column is-layout-flow wp-block-column-is-layout-flow\"><\/div>\n\n\n\n<div class=\"wp-block-column is-layout-flow wp-block-column-is-layout-flow\"><\/div>\n<\/div>\n\n\n<div class=\"wp-block-coblocks-shape-divider is-style-hills has-global-color-15-color mt-0 mb-0\" style=\"\" aria-hidden=\"true\">\n\t\t\t<div class=\"wp-block-coblocks-shape-divider__svg-wrapper\" style=\"height:50px;\">\n\t\t\t\t<svg class=\"divider--hills\" viewBox=\"0 0 1920 105\" xmlns=\"http:\/\/www.w3.org\/2000\/svg\" preserveAspectRatio=\"none\"><g fillRule=\"evenodd\" transform=\"matrix(1 0 0 -1 0 105)\"><path d=\"m1920 14.8827052c-116.23325 0-224.05162 88.3906828-395.09265 88.3906828-160.92196 0-254.53172-83.4344997-444.90735-83.4344997-154.297581 0-240.095847 39.6344097-367.66819 39.6344097-154.121863 0-198.902329-36.1223133-349.458242-36.1223133-144.878137 0-241.175717 80.8685493-362.873568 80.8685493 0-34.0793243 0-68.1494291 0-102.219534h1920z\" \/><path d=\"m1920 14.6612844c-116.11434 0-223.9659 88.8291396-395.06196 88.8291396-160.92415 0-254.54487-83.7874573-444.93804-83.7874573-154.317311 0-240.088941 39.8974838-367.565152 39.8974838-154.034172 0-198.792715-36.4840402-349.164477-36.4840402-144.965828 0-241.283139 81.1250467-363.270371 81.1250467 0-34.7474052 0-69.4948104 0-104.241457h1920z\" \/><\/g><\/svg>\n\t\t\t<\/div>\n\t\t\t<div class=\"wp-block-coblocks-shape-divider__alt-wrapper\" style=\"height:5px;\"><\/div>\n\t\t<\/div>\n\n\n<div class=\"wp-block-columns sh is-layout-flex wp-container-core-columns-is-layout-9d6595d7 wp-block-columns-is-layout-flex\">\n<div class=\"wp-block-column is-layout-flow wp-block-column-is-layout-flow\" style=\"flex-basis:100%\">\n<h2 class=\"wp-block-heading has-accent-color has-global-color-15-background-color has-text-color has-background\" id=\"cdH\">Soutien Communautaire pour Logement sociale<\/h2>\n\n\n\n<div class=\"wp-block-coblocks-features coblocks-features-38213725229 mb-0 mt-0\"><div class=\"wp-block-coblocks-features__inner has-global-color-15-background-color has-background has-columns has-2-columns has-responsive-columns has-text-color has-accent-color has-padding has-medium-padding has-center-content has-medium-gutter\">\n<div class=\"wp-block-coblocks-feature coblocks-feature-38213725349\"><div class=\"wp-block-coblocks-feature__inner has-padding has-large-padding\">\n<p style=\"font-size:22px\">Le Centre Eva Marsden est financ\u00e9 par l&rsquo;Office municipal d&rsquo;habitation de Montr\u00e9al pour offrir des activit\u00e9s sociales et accro\u00eetre l&rsquo;implication des r\u00e9sidents pour les cinq immeubles de logements sociaux de NDG d\u00e9di\u00e9s aux personnes \u00e2g\u00e9es de 55 ans et plus.<\/p>\n<\/div><\/div>\n\n\n\n<div class=\"wp-block-coblocks-feature coblocks-feature-38213725352\"><div class=\"wp-block-coblocks-feature__inner has-padding has-large-padding\">\n<p style=\"font-size:22px\">Au cours de la derni\u00e8re ann\u00e9e, nos animateurs ont rencontr\u00e9 les r\u00e9sidents afin de mieux comprendre leurs besoins et de r\u00e9soudre les conflits au besoin. Une gamme d&rsquo;activit\u00e9s a lieu chaque semaine ou dans le cadre du cycle des vacances et des c\u00e9l\u00e9brations.<\/p>\n<\/div><\/div>\n<\/div><\/div>\n<\/div>\n<\/div>\n\n\n<div class=\"wp-block-coblocks-shape-divider is-style-hills has-global-color-15-color is-vertically-flipped is-horizontally-flipped mt-0 mb-0\" style=\"\" aria-hidden=\"true\">\n\t\t\t<div class=\"wp-block-coblocks-shape-divider__svg-wrapper\" style=\"height:50px;\">\n\t\t\t\t<svg class=\"divider--hills\" viewBox=\"0 0 1920 105\" xmlns=\"http:\/\/www.w3.org\/2000\/svg\" preserveAspectRatio=\"none\"><g fillRule=\"evenodd\" transform=\"matrix(1 0 0 -1 0 105)\"><path d=\"m1920 14.8827052c-116.23325 0-224.05162 88.3906828-395.09265 88.3906828-160.92196 0-254.53172-83.4344997-444.90735-83.4344997-154.297581 0-240.095847 39.6344097-367.66819 39.6344097-154.121863 0-198.902329-36.1223133-349.458242-36.1223133-144.878137 0-241.175717 80.8685493-362.873568 80.8685493 0-34.0793243 0-68.1494291 0-102.219534h1920z\" \/><path d=\"m1920 14.6612844c-116.11434 0-223.9659 88.8291396-395.06196 88.8291396-160.92415 0-254.54487-83.7874573-444.93804-83.7874573-154.317311 0-240.088941 39.8974838-367.565152 39.8974838-154.034172 0-198.792715-36.4840402-349.164477-36.4840402-144.965828 0-241.283139 81.1250467-363.270371 81.1250467 0-34.7474052 0-69.4948104 0-104.241457h1920z\" \/><\/g><\/svg>\n\t\t\t<\/div>\n\t\t\t<div class=\"wp-block-coblocks-shape-divider__alt-wrapper\" style=\"height:5px;\"><\/div>\n\t\t<\/div>\n\n\n<div style=\"height:100px\" aria-hidden=\"true\" class=\"wp-block-spacer\"><\/div>\n\n\n\n<div class=\"wp-block-group\"><div class=\"wp-block-group__inner-container is-layout-flow wp-block-group-is-layout-flow\">\n<h2 class=\"wp-block-heading\"><strong><strong><strong><strong>Programmation<\/strong><\/strong><\/strong><\/strong><\/h2>\n\n\n\n<h4 class=\"wp-block-heading\">Toutes les activit\u00e9s ont lieu au centre communautaire Monkland, 4410, avenue Westhill.<br>Ouvert \u00e0 tous \u2013 Gratuit \u2013 Rafra\u00eechissements offerts.<br>Pour plus d&rsquo;informations, veuillez contacter Miranda &#8211; <a href=\"tel:5146902034\">(514) 690-2034<\/a> \/ <a href=\"mailto:mpotts@emcmtl.org\">mpotts@emcmtl.org<\/a>.<\/h4>\n\n\n\n<div style=\"height:30px\" aria-hidden=\"true\" class=\"wp-block-spacer\"><\/div>\n\n\n\n<h3 class=\"wp-block-heading\"><strong><u>Vieillir avec Brio<\/u><\/strong><\/h3>\n\n\n\n<p>Les mardis \u2013 11 h 30 \u00e0 13 h 30.<br><\/p>\n\n\n<div class=\"wp-block-image\">\n<figure class=\"aligncenter size-large\"><img loading=\"lazy\" decoding=\"async\" width=\"791\" height=\"1024\" src=\"https:\/\/emcmtl.org\/wp-content\/uploads\/2026\/04\/Spring-2026-AT-Schedule-791x1024.jpeg\" alt=\"Aging Triumphantly Spring 2026 Programming\" class=\"wp-image-1472\" srcset=\"https:\/\/emcmtl.org\/wp-content\/uploads\/2026\/04\/Spring-2026-AT-Schedule-791x1024.jpeg 791w, https:\/\/emcmtl.org\/wp-content\/uploads\/2026\/04\/Spring-2026-AT-Schedule-232x300.jpeg 232w, https:\/\/emcmtl.org\/wp-content\/uploads\/2026\/04\/Spring-2026-AT-Schedule-768x994.jpeg 768w, https:\/\/emcmtl.org\/wp-content\/uploads\/2026\/04\/Spring-2026-AT-Schedule-1187x1536.jpeg 1187w, https:\/\/emcmtl.org\/wp-content\/uploads\/2026\/04\/Spring-2026-AT-Schedule.jpeg 1545w\" sizes=\"auto, (max-width: 791px) 100vw, 791px\" \/><\/figure>\n<\/div>\n\n\n<div style=\"height:30px\" aria-hidden=\"true\" class=\"wp-block-spacer\"><\/div>\n\n\n\n<div style=\"height:100px\" aria-hidden=\"true\" class=\"wp-block-spacer\"><\/div>\n\n\n\n<p><\/p>\n\n\n\n<div style=\"height:100px\" aria-hidden=\"true\" class=\"wp-block-spacer\"><\/div>\n<\/div><\/div>\n","protected":false},"excerpt":{"rendered":"<p>EMC est conscient que l\u2019agenda des seniors est souvent exclu des initiatives plus larges. Notre r\u00f4le de longue date consiste \u00e0 informer divers secteurs tels que ceux ax\u00e9s sur les femmes, la pauvret\u00e9, les minorit\u00e9s linguistiques et les communaut\u00e9s ethnoculturelles. Cette initiative a \u00e9t\u00e9 largement motiv\u00e9e par le fait que les questions touchant les citoyens &#8230; <a title=\"D\u00e9veloppement communautaire\" class=\"read-more\" href=\"https:\/\/emcmtl.org\/fr\/developpement-communautaire\/\" aria-label=\"En savoir plus sur D\u00e9veloppement communautaire\">Lire la suite<\/a><\/p>\n","protected":false},"author":3,"featured_media":0,"parent":0,"menu_order":6,"comment_status":"closed","ping_status":"closed","template":"","meta":{"_coblocks_attr":"","_coblocks_dimensions":"","_coblocks_responsive_height":"","_coblocks_accordion_ie_support":"","footnotes":""},"class_list":["post-598","page","type-page","status-publish"],"_links":{"self":[{"href":"https:\/\/emcmtl.org\/fr\/wp-json\/wp\/v2\/pages\/598","targetHints":{"allow":["GET"]}}],"collection":[{"href":"https:\/\/emcmtl.org\/fr\/wp-json\/wp\/v2\/pages"}],"about":[{"href":"https:\/\/emcmtl.org\/fr\/wp-json\/wp\/v2\/types\/page"}],"author":[{"embeddable":true,"href":"https:\/\/emcmtl.org\/fr\/wp-json\/wp\/v2\/users\/3"}],"replies":[{"embeddable":true,"href":"https:\/\/emcmtl.org\/fr\/wp-json\/wp\/v2\/comments?post=598"}],"version-history":[{"count":31,"href":"https:\/\/emcmtl.org\/fr\/wp-json\/wp\/v2\/pages\/598\/revisions"}],"predecessor-version":[{"id":1473,"href":"https:\/\/emcmtl.org\/fr\/wp-json\/wp\/v2\/pages\/598\/revisions\/1473"}],"wp:attachment":[{"href":"https:\/\/emcmtl.org\/fr\/wp-json\/wp\/v2\/media?parent=598"}],"curies":[{"name":"wp","href":"https:\/\/api.w.org\/{rel}","templated":true}]}}

Développement communautaire

<div class="wp-block-cover" style="min-height:300px;aspect-ratio:unset;"><img decoding="async" class="wp-block-cover__image-background wp-image-826" alt="Community Development" src="https://emcmtl.org/wp-content/uploads/2024/05/community-development.jpeg" style="object-position:50% 1%" data-object-fit="cover" data-object-position="50% 1%"/><span aria-hidden="true" class="wp-block-cover__background has-background-dim-20 has-background-dim"></span><div class="wp-block-cover__inner-container is-layout-flow wp-block-cover-is-layout-flow">
<p class="has-text-align-center has-base-3-color has-text-color has-large-font-size">Développement communautaire</p>
</div></div>



<div class="wp-block-group"><div class="wp-block-group__inner-container is-layout-flow wp-block-group-is-layout-flow">
<p>EMC est conscient que l’agenda des seniors est souvent exclu des initiatives plus larges. Notre rôle de longue date consiste à informer divers secteurs tels que ceux axés sur les femmes, la pauvreté, les minorités linguistiques et les communautés ethnoculturelles. Cette initiative a été largement motivée par le fait que les questions touchant les citoyens de 50 ans et plus à faible revenu sont soit absentes, soit sous-représentées dans les discussions de ces groupes. EMC contribue également à la base de connaissances en gérontologie sociale et à l&rsquo;impact des déterminants sociaux de la santé en participant à des projets de recherche menés aux niveaux local, national et international.</p>



<ul class="wp-block-list is-style-checkbox">
<li>EMC démontre une compréhension de l&rsquo;importance des <strong>enjeux liés à la population</strong> tels que le logement et la sécurité alimentaire en s&rsquo;associant avec des organisations telles que Le Dépôt (Centre alimentaire communautaire de NDG) ainsi qu&rsquo;en collaborant à la planification stratégique de NDG.</li>



<li>EMC accueille des stagiaires de <strong>l&rsquo;École de sciences infirmières et de travail social de Université McGill ainsi que du Département de loisirs thérapeutiques de Université Concordia.</strong></li>



<li>En 2019, EMC a rejoint 23 organisations à travers le Québec dans le cadre d&rsquo;une Network Partnership Initiative (NPI). Ces travaux visent à soutenir l&rsquo;accès de la population anglophone au réseau de la santé et des services sociaux. Il est financé par <strong>le Réseau communautaire de santé et de services sociaux (CHSSN</strong>) par l&rsquo;intermédiaire de Santé Canada, du Secrétariat provincial à la population anglophone et de la Fondation Chagnon.</li>



<li>EMC a développé <strong>Clic Social</strong>, une plateforme de prescription sociale à disposition des professionnels du système public de santé. EMC est également membre de l&rsquo;Alliance canadienne pour la prescription sociale.</li>



<li>EMC co-anime la Table des aînés de Montréal Centre-Ouest et la Table de santé mentale de Montréal Centre-Ouest pour la population anglophone, qui regroupent des représentants d&rsquo;organismes de ce territoire. Ils constituent des opportunités de partage d’informations et de réseautage qui servent à renforcer la communauté dans des domaines de préoccupation communs.</li>



<li>EMC participe activement à la collaboration avec COMACO, une coalition d&rsquo;organisations qui soutiennent les personnes âgées vivant dans la communauté.</li>



<li>EMC offre des programmes aux résidents de <strong>Chez Soi</strong>, un immeuble d&rsquo;appartements sans but lucratif qu&rsquo;elle a contribué à cofonder en 2004.</li>



<li>EMC fournit des programmes et du soutien en tant qu&rsquo;organisation locale désignée responsable du <strong>soutien communautaire au logement social (</strong>HLM).</li>



<li>EMC s&rsquo;implique activement auprès du <strong>Comité des usagers de Cavendish</strong>, chargé d&rsquo;informer les usagers des services de santé et des services sociaux du centre-ouest de Montréal de leurs droits et obligations tout en apportant des réponses aux préoccupations.</li>



<li>EMC offre des programmes de sensibilisation au <strong>Centre Monkland</strong> dans le cadre de l&rsquo;Initiative de bien-être des personnes âgées financée par le CHSSN.</li>



<li>EMC est membre du comité consultatif communautaire du centre de connaissances Dementia Community Investment (DCI), qui a développé une communauté de pratique pour partager des informations, des idées et des opportunités de collaboration à travers les 18 projets financés dans le cadre du programme Dementia de l&rsquo;Agence de la santé publique du Canada. Investissement communautaire. Les objectifs sont de créer une plateforme pour exploiter et promouvoir les résultats des programmes et les meilleures pratiques pertinentes à la communauté des politiques et des programmes sur la démence à travers le Canada.</li>
</ul>
</div></div>



<div class="wp-block-columns is-layout-flex wp-container-core-columns-is-layout-9d6595d7 wp-block-columns-is-layout-flex">
<div class="wp-block-column is-layout-flow wp-block-column-is-layout-flow"></div>



<div class="wp-block-column is-layout-flow wp-block-column-is-layout-flow"></div>
</div>


<div class="wp-block-coblocks-shape-divider is-style-hills has-global-color-15-color mt-0 mb-0" style="" aria-hidden="true">
			<div class="wp-block-coblocks-shape-divider__svg-wrapper" style="height:50px;">
				<svg class="divider--hills" viewBox="0 0 1920 105" xmlns="http://www.w3.org/2000/svg" preserveAspectRatio="none"><g fillRule="evenodd" transform="matrix(1 0 0 -1 0 105)"><path d="m1920 14.8827052c-116.23325 0-224.05162 88.3906828-395.09265 88.3906828-160.92196 0-254.53172-83.4344997-444.90735-83.4344997-154.297581 0-240.095847 39.6344097-367.66819 39.6344097-154.121863 0-198.902329-36.1223133-349.458242-36.1223133-144.878137 0-241.175717 80.8685493-362.873568 80.8685493 0-34.0793243 0-68.1494291 0-102.219534h1920z" /><path d="m1920 14.6612844c-116.11434 0-223.9659 88.8291396-395.06196 88.8291396-160.92415 0-254.54487-83.7874573-444.93804-83.7874573-154.317311 0-240.088941 39.8974838-367.565152 39.8974838-154.034172 0-198.792715-36.4840402-349.164477-36.4840402-144.965828 0-241.283139 81.1250467-363.270371 81.1250467 0-34.7474052 0-69.4948104 0-104.241457h1920z" /></g></svg>
			</div>
			<div class="wp-block-coblocks-shape-divider__alt-wrapper" style="height:5px;"></div>
		</div>


<div class="wp-block-columns sh is-layout-flex wp-container-core-columns-is-layout-9d6595d7 wp-block-columns-is-layout-flex">
<div class="wp-block-column is-layout-flow wp-block-column-is-layout-flow" style="flex-basis:100%">
<h2 class="wp-block-heading has-accent-color has-global-color-15-background-color has-text-color has-background" id="cdH">Soutien Communautaire pour Logement sociale</h2>



<div class="wp-block-coblocks-features coblocks-features-38213725229 mb-0 mt-0"><div class="wp-block-coblocks-features__inner has-global-color-15-background-color has-background has-columns has-2-columns has-responsive-columns has-text-color has-accent-color has-padding has-medium-padding has-center-content has-medium-gutter">
<div class="wp-block-coblocks-feature coblocks-feature-38213725349"><div class="wp-block-coblocks-feature__inner has-padding has-large-padding">
<p style="font-size:22px">Le Centre Eva Marsden est financé par l&rsquo;Office municipal d&rsquo;habitation de Montréal pour offrir des activités sociales et accroître l&rsquo;implication des résidents pour les cinq immeubles de logements sociaux de NDG dédiés aux personnes âgées de 55 ans et plus.</p>
</div></div>



<div class="wp-block-coblocks-feature coblocks-feature-38213725352"><div class="wp-block-coblocks-feature__inner has-padding has-large-padding">
<p style="font-size:22px">Au cours de la dernière année, nos animateurs ont rencontré les résidents afin de mieux comprendre leurs besoins et de résoudre les conflits au besoin. Une gamme d&rsquo;activités a lieu chaque semaine ou dans le cadre du cycle des vacances et des célébrations.</p>
</div></div>
</div></div>
</div>
</div>


<div class="wp-block-coblocks-shape-divider is-style-hills has-global-color-15-color is-vertically-flipped is-horizontally-flipped mt-0 mb-0" style="" aria-hidden="true">
			<div class="wp-block-coblocks-shape-divider__svg-wrapper" style="height:50px;">
				<svg class="divider--hills" viewBox="0 0 1920 105" xmlns="http://www.w3.org/2000/svg" preserveAspectRatio="none"><g fillRule="evenodd" transform="matrix(1 0 0 -1 0 105)"><path d="m1920 14.8827052c-116.23325 0-224.05162 88.3906828-395.09265 88.3906828-160.92196 0-254.53172-83.4344997-444.90735-83.4344997-154.297581 0-240.095847 39.6344097-367.66819 39.6344097-154.121863 0-198.902329-36.1223133-349.458242-36.1223133-144.878137 0-241.175717 80.8685493-362.873568 80.8685493 0-34.0793243 0-68.1494291 0-102.219534h1920z" /><path d="m1920 14.6612844c-116.11434 0-223.9659 88.8291396-395.06196 88.8291396-160.92415 0-254.54487-83.7874573-444.93804-83.7874573-154.317311 0-240.088941 39.8974838-367.565152 39.8974838-154.034172 0-198.792715-36.4840402-349.164477-36.4840402-144.965828 0-241.283139 81.1250467-363.270371 81.1250467 0-34.7474052 0-69.4948104 0-104.241457h1920z" /></g></svg>
			</div>
			<div class="wp-block-coblocks-shape-divider__alt-wrapper" style="height:5px;"></div>
		</div>


<div style="height:100px" aria-hidden="true" class="wp-block-spacer"></div>



<div class="wp-block-group"><div class="wp-block-group__inner-container is-layout-flow wp-block-group-is-layout-flow">
<h2 class="wp-block-heading"><strong><strong><strong><strong>Programmation</strong></strong></strong></strong></h2>



<h4 class="wp-block-heading">Toutes les activités ont lieu au centre communautaire Monkland, 4410, avenue Westhill.<br>Ouvert à tous – Gratuit – Rafraîchissements offerts.<br>Pour plus d&rsquo;informations, veuillez contacter Miranda &#8211; <a href="tel:5146902034">(514) 690-2034</a> / <a href="mailto:mpotts@emcmtl.org">mpotts@emcmtl.org</a>.</h4>



<div style="height:30px" aria-hidden="true" class="wp-block-spacer"></div>



<h3 class="wp-block-heading"><strong><u>Vieillir avec Brio</u></strong></h3>



<p>Les mardis – 11 h 30 à 13 h 30.<br></p>


<div class="wp-block-image">
<figure class="aligncenter size-large"><img loading="lazy" decoding="async" width="791" height="1024" src="https://emcmtl.org/wp-content/uploads/2026/04/Spring-2026-AT-Schedule-791x1024.jpeg" alt="Aging Triumphantly Spring 2026 Programming" class="wp-image-1472" srcset="https://emcmtl.org/wp-content/uploads/2026/04/Spring-2026-AT-Schedule-791x1024.jpeg 791w, https://emcmtl.org/wp-content/uploads/2026/04/Spring-2026-AT-Schedule-232x300.jpeg 232w, https://emcmtl.org/wp-content/uploads/2026/04/Spring-2026-AT-Schedule-768x994.jpeg 768w, https://emcmtl.org/wp-content/uploads/2026/04/Spring-2026-AT-Schedule-1187x1536.jpeg 1187w, https://emcmtl.org/wp-content/uploads/2026/04/Spring-2026-AT-Schedule.jpeg 1545w" sizes="auto, (max-width: 791px) 100vw, 791px" /></figure>
</div>


<div style="height:30px" aria-hidden="true" class="wp-block-spacer"></div>



<div style="height:100px" aria-hidden="true" class="wp-block-spacer"></div>



<p></p>



<div style="height:100px" aria-hidden="true" class="wp-block-spacer"></div>
</div></div>

<p>EMC est conscient que l’agenda des seniors est souvent exclu des initiatives plus larges. Notre rôle de longue date consiste à informer divers secteurs tels que ceux axés sur les femmes, la pauvreté, les minorités linguistiques et les communautés ethnoculturelles. Cette initiative a été largement motivée par le fait que les questions touchant les citoyens &#8230; <a title="Développement communautaire" class="read-more" href="https://emcmtl.org/fr/developpement-communautaire/" aria-label="En savoir plus sur Développement communautaire">Lire la suite</a></p>
