{"id":740,"date":"2022-02-23T03:34:25","date_gmt":"2022-02-23T08:34:25","guid":{"rendered":"https:\/\/emcmtl.org\/privacy-policy\/"},"modified":"2024-09-05T13:19:20","modified_gmt":"2024-09-05T17:19:20","slug":"politique-confidentialite","status":"publish","type":"page","link":"https:\/\/emcmtl.org\/fr\/privacy\/politique-confidentialite\/","title":{"rendered":"Politique de confidentialit\u00e9"},"content":{"rendered":"\n<p><em>Le 17 juillet 2024<\/em><\/p>\n\n\n\n<p>Le Centre Eva Marsden a cr\u00e9\u00e9 cette d\u00e9claration de confidentialit\u00e9 pour d\u00e9montrer notre ferme engagement envers la confidentialit\u00e9. Ce qui suit divulgue les pratiques de collecte et de diffusion des informations pour ce site Web.<\/p>\n\n\n\n<h2 class=\"wp-block-heading\">Quelles informations le Centre Eva Marsden collecte-t-il ?<\/h2>\n\n\n\n<p>Certaines informations, telles que (mais sans s&rsquo;y limiter) votre nom, num\u00e9ro de t\u00e9l\u00e9phone, date de naissance, adresse domiciliaire, revenu, et d&rsquo;autres informations concernant nos membres peuvent \u00eatre collect\u00e9es par le Centre Eva Marsden \u00e0 diverses fins. Par exemple, dans notre processus d&rsquo;admission, nous prenons des notes d\u00e9taill\u00e9es sur divers aspects de votre situation, comme votre \u00e9tat de sant\u00e9, ce qui peut inclure des informations sensibles.&nbsp;<\/p>\n\n\n\n<p>Le choix de la quantit\u00e9 d&rsquo;informations fournies est toujours sous votre contr\u00f4le, cependant, certaines informations peuvent \u00eatre n\u00e9cessaires pour d\u00e9terminer l&rsquo;\u00e9ligibilit\u00e9 afin de pouvoir vous fournir des ressources et de l&rsquo;assistance possibles.<\/p>\n\n\n\n<p>Nous ne vendrons, n&rsquo;\u00e9changerons, ni ne distribuerons les noms, adresses \u00e9lectroniques ou informations de contact de nos membres, sauf si la loi l&rsquo;exige.<\/p>\n\n\n\n<p>Si vous acceptez de participer \u00e0 nos programmes, nous pouvons utiliser vos informations personnelles pour vous envoyer des informations promotionnelles. Vous recevrez notre bulletin de printemps et d&rsquo;automne par courrier \u00e9lectronique ou postal.<\/p>\n\n\n\n<h2 class=\"wp-block-heading\">Que pouvons-nous faire avec les informations que nous collectons ?<\/h2>\n\n\n\n<p>Le Centre Eva Marsden utilise les informations personnelles collect\u00e9es aux fins suivantes :&nbsp;<\/p>\n\n\n\n<ol class=\"wp-block-list\">\n<li>Tenue de dossiers internes (nous avons un programme web appel\u00e9 Salesforce, qui dispose de deux authentificateurs et est accessible uniquement par les membres du personnel o\u00f9 nous stockons les informations de nos membres avec des notes, documents, services et livrables)<\/li>\n\n\n\n<li>Am\u00e9lioration des programmes et services<\/li>\n\n\n\n<li>Communications promotionnelles telles que des bulletins d&rsquo;information<\/li>\n\n\n\n<li>Avoir une vue d&rsquo;ensemble de nos membres pour nos bailleurs de fonds<\/li>\n\n\n\n<li>Enqu\u00eates et approche plus cibl\u00e9e pour la recherche et la sensibilisation<\/li>\n<\/ol>\n\n\n\n<p>Vous pouvez refuser de fournir des informations personnelles \u00e0 tout moment, cependant, nous avons besoin de certaines informations de base et sensibles pour vous fournir les services appropri\u00e9s.<\/p>\n\n\n\n<h2 class=\"wp-block-heading\">Informations personnelles<\/h2>\n\n\n\n<p>Nous demandons des informations personnelles lorsque vous avez besoin d&rsquo;un service. Vous n&rsquo;avez besoin de vous inscrire qu&rsquo;une seule fois pour tout service ou programme au sein de l&rsquo;organisation. Ces informations ne seront pas utilis\u00e9es \u00e0 d&rsquo;autres fins que celles pour lesquelles elles ont \u00e9t\u00e9 collect\u00e9es. Le Centre Eva Marsden obtiendra votre consentement si les informations sont n\u00e9cessaires \u00e0 une autre fin.<\/p>\n\n\n\n<p>Dans ces circonstances, nous collectons, utilisons et sommes responsables de certaines informations personnelles vous concernant. Lorsque nous le faisons, nous sommes r\u00e9gis par la Loi 25 et d&rsquo;autres lois sur la protection des donn\u00e9es et nous sommes responsables, en tant que contr\u00f4leurs, de ces informations personnelles selon ces lois.<\/p>\n\n\n\n<p>Nous avons nomm\u00e9 un responsable de la protection des donn\u00e9es personnelles charg\u00e9 de superviser les questions relatives \u00e0 cette politique de confidentialit\u00e9. Si vous avez des questions sur cette politique de confidentialit\u00e9, y compris toute demande d&rsquo;exercice de vos droits l\u00e9gaux, veuillez contacter le Responsable de la protection des donn\u00e9es personnelles en utilisant les coordonn\u00e9es ci-dessous.<\/p>\n\n\n\n<h2 class=\"wp-block-heading\">Coordonn\u00e9es<\/h2>\n\n\n\n<p>Si vous avez des questions sur cette politique de confidentialit\u00e9, vous pouvez contacter notre Responsable de la protection des donn\u00e9es personnelles de la mani\u00e8re suivante :<\/p>\n\n\n\n<p><strong>Nom complet de l&rsquo;entit\u00e9 l\u00e9gale : Centre Eva Marsden<\/strong><br><strong>Nom du Responsable de la protection des donn\u00e9es personnelles :<\/strong> Jessica Formichella<br><strong>Adresse \u00e9lectronique du Responsable :<\/strong> <a href=\"mailto:jformichella@emcmtl.org\">jformichella@emcmtl.org<\/a><br><strong>Adresse :<\/strong> 88 Av. Ballantyne Nord, Montr\u00e9al-Ouest, QC H4X 2B8<\/p>\n\n\n\n<h2 class=\"wp-block-heading\">Comment nous utilisons les cookies<\/h2>\n\n\n\n<p>Lorsque vous visitez notre site Web, vous pouvez nous fournir des informations via des cookies ou des technologies similaires.<\/p>\n\n\n\n<p>Les cookies sont des fichiers contenant une petite quantit\u00e9 de donn\u00e9es sur un utilisateur particulier. Ces donn\u00e9es peuvent inclure un identifiant unique anonyme. Les cookies sont stock\u00e9s sur l&rsquo;ordinateur de l&rsquo;utilisateur ou sur le disque dur d&rsquo;un autre appareil. Ils nous permettent d&rsquo;adapter votre exp\u00e9rience utilisateur \u00e0 chaque visite sur notre site.<\/p>\n\n\n\n<p>Les cookies que nous utilisons remplissent jusqu&rsquo;\u00e0 quatre fonctions diff\u00e9rentes :<\/p>\n\n\n\n<ol class=\"wp-block-list\">\n<li>Cookies de performance : nous utilisons ces cookies pour am\u00e9liorer les performances du site.<\/li>\n\n\n\n<li>Cookies d&rsquo;analyse : nous utilisons ces cookies pour analyser la fa\u00e7on dont nos visiteurs utilisent notre site.<\/li>\n\n\n\n<li>Cookies de fonctionnalit\u00e9 : nous utilisons ces cookies pour nous souvenir de vos pr\u00e9f\u00e9rences \u00e0 chaque visite sur notre site.<\/li>\n\n\n\n<li>Cookies essentiels : certains cookies sont essentiels au fonctionnement de notre site. D\u00e9sactiver ces cookies vous emp\u00eachera d&rsquo;acc\u00e9der \u00e0 notre site ou d&rsquo;utiliser certaines de ses fonctionnalit\u00e9s.<\/li>\n<\/ol>\n\n\n\n<p>Veuillez noter que vous pouvez demander \u00e0 votre navigateur de d\u00e9sactiver les cookies que nous utilisons. Cependant, cela peut vous emp\u00eacher d&rsquo;acc\u00e9der correctement \u00e0 notre site Web.<\/p>\n\n\n\n<p>Si vous souhaitez obtenir plus d&rsquo;informations sur les cookies, vous pouvez visiter le site suivant : <a href=\"about:blank\">[https:\/\/www.allaboutcookies.org](https:\/\/www.allaboutcookies.org).<\/a><\/p>\n\n\n\n<p>Pour en savoir plus sur les cookies utilis\u00e9s par Google : <a href=\"https:\/\/policies.google.com\/technologies\/cookies?hl=fr-CA%5D(https:\/\/policies.google.com\/technologies\/cookies?hl=fr-CA)\">[https:\/\/policies.google.com\/technologies\/cookies?hl=fr-CA](https:\/\/policies.google.com\/technologies\/cookies?hl=fr-CA).<\/a><\/p>\n\n\n\n<h2 class=\"wp-block-heading\">Modifications de la politique<\/h2>\n\n\n\n<p>Veuillez noter que cette d\u00e9claration de confidentialit\u00e9 peut changer de temps \u00e0 autre. Nous ne r\u00e9duirons pas vos droits en vertu de cette politique sans votre consentement explicite, et nous nous attendons \u00e0 ce que la plupart de ces changements soient mineurs.<\/p>\n\n\n\n<h2 class=\"wp-block-heading\">Consentement pour les photos<\/h2>\n\n\n\n<p>Le consentement pour les photos sera inclus lors de notre processus d&rsquo;admission et pourra \u00eatre modifi\u00e9 \u00e0 tout moment. Votre photo peut \u00eatre utilis\u00e9e dans des bulletins d&rsquo;information, des rapports annuels et des pr\u00e9sentations.<\/p>\n\n\n\n<h2 class=\"wp-block-heading\">Comment nous contacter<\/h2>\n\n\n\n<p>Si vous avez des questions concernant cette politique de confidentialit\u00e9, les pratiques de ce site ou vos interactions avec ce site, vous pouvez nous contacter par courriel \u00e0<a href=\"mailto:info@emcmtl.org\"> info@emcmtl.org.<\/a><\/p>\n\n\n\n<div style=\"height:100px\" aria-hidden=\"true\" class=\"wp-block-spacer\"><\/div>\n","protected":false},"excerpt":{"rendered":"<p>Le 17 juillet 2024 Le Centre Eva Marsden a cr\u00e9\u00e9 cette d\u00e9claration de confidentialit\u00e9 pour d\u00e9montrer notre ferme engagement envers la confidentialit\u00e9. Ce qui suit divulgue les pratiques de collecte et de diffusion des informations pour ce site Web. Quelles informations le Centre Eva Marsden collecte-t-il ? Certaines informations, telles que (mais sans s&rsquo;y limiter) &#8230; <a title=\"Politique de confidentialit\u00e9\" class=\"read-more\" href=\"https:\/\/emcmtl.org\/fr\/privacy\/politique-confidentialite\/\" aria-label=\"En savoir plus sur Politique de confidentialit\u00e9\">Lire la suite<\/a><\/p>\n","protected":false},"author":1,"featured_media":0,"parent":891,"menu_order":12,"comment_status":"closed","ping_status":"closed","template":"","meta":{"_coblocks_attr":"","_coblocks_dimensions":"","_coblocks_responsive_height":"","_coblocks_accordion_ie_support":"","footnotes":""},"class_list":["post-740","page","type-page","status-publish"],"_links":{"self":[{"href":"https:\/\/emcmtl.org\/fr\/wp-json\/wp\/v2\/pages\/740","targetHints":{"allow":["GET"]}}],"collection":[{"href":"https:\/\/emcmtl.org\/fr\/wp-json\/wp\/v2\/pages"}],"about":[{"href":"https:\/\/emcmtl.org\/fr\/wp-json\/wp\/v2\/types\/page"}],"author":[{"embeddable":true,"href":"https:\/\/emcmtl.org\/fr\/wp-json\/wp\/v2\/users\/1"}],"replies":[{"embeddable":true,"href":"https:\/\/emcmtl.org\/fr\/wp-json\/wp\/v2\/comments?post=740"}],"version-history":[{"count":4,"href":"https:\/\/emcmtl.org\/fr\/wp-json\/wp\/v2\/pages\/740\/revisions"}],"predecessor-version":[{"id":869,"href":"https:\/\/emcmtl.org\/fr\/wp-json\/wp\/v2\/pages\/740\/revisions\/869"}],"up":[{"embeddable":true,"href":"https:\/\/emcmtl.org\/fr\/wp-json\/wp\/v2\/pages\/891"}],"wp:attachment":[{"href":"https:\/\/emcmtl.org\/fr\/wp-json\/wp\/v2\/media?parent=740"}],"curies":[{"name":"wp","href":"https:\/\/api.w.org\/{rel}","templated":true}]}}

Politique de confidentialité

<p><em>Le 17 juillet 2024</em></p>



<p>Le Centre Eva Marsden a créé cette déclaration de confidentialité pour démontrer notre ferme engagement envers la confidentialité. Ce qui suit divulgue les pratiques de collecte et de diffusion des informations pour ce site Web.</p>



<h2 class="wp-block-heading">Quelles informations le Centre Eva Marsden collecte-t-il ?</h2>



<p>Certaines informations, telles que (mais sans s&rsquo;y limiter) votre nom, numéro de téléphone, date de naissance, adresse domiciliaire, revenu, et d&rsquo;autres informations concernant nos membres peuvent être collectées par le Centre Eva Marsden à diverses fins. Par exemple, dans notre processus d&rsquo;admission, nous prenons des notes détaillées sur divers aspects de votre situation, comme votre état de santé, ce qui peut inclure des informations sensibles.&nbsp;</p>



<p>Le choix de la quantité d&rsquo;informations fournies est toujours sous votre contrôle, cependant, certaines informations peuvent être nécessaires pour déterminer l&rsquo;éligibilité afin de pouvoir vous fournir des ressources et de l&rsquo;assistance possibles.</p>



<p>Nous ne vendrons, n&rsquo;échangerons, ni ne distribuerons les noms, adresses électroniques ou informations de contact de nos membres, sauf si la loi l&rsquo;exige.</p>



<p>Si vous acceptez de participer à nos programmes, nous pouvons utiliser vos informations personnelles pour vous envoyer des informations promotionnelles. Vous recevrez notre bulletin de printemps et d&rsquo;automne par courrier électronique ou postal.</p>



<h2 class="wp-block-heading">Que pouvons-nous faire avec les informations que nous collectons ?</h2>



<p>Le Centre Eva Marsden utilise les informations personnelles collectées aux fins suivantes :&nbsp;</p>



<ol class="wp-block-list">
<li>Tenue de dossiers internes (nous avons un programme web appelé Salesforce, qui dispose de deux authentificateurs et est accessible uniquement par les membres du personnel où nous stockons les informations de nos membres avec des notes, documents, services et livrables)</li>



<li>Amélioration des programmes et services</li>



<li>Communications promotionnelles telles que des bulletins d&rsquo;information</li>



<li>Avoir une vue d&rsquo;ensemble de nos membres pour nos bailleurs de fonds</li>



<li>Enquêtes et approche plus ciblée pour la recherche et la sensibilisation</li>
</ol>



<p>Vous pouvez refuser de fournir des informations personnelles à tout moment, cependant, nous avons besoin de certaines informations de base et sensibles pour vous fournir les services appropriés.</p>



<h2 class="wp-block-heading">Informations personnelles</h2>



<p>Nous demandons des informations personnelles lorsque vous avez besoin d&rsquo;un service. Vous n&rsquo;avez besoin de vous inscrire qu&rsquo;une seule fois pour tout service ou programme au sein de l&rsquo;organisation. Ces informations ne seront pas utilisées à d&rsquo;autres fins que celles pour lesquelles elles ont été collectées. Le Centre Eva Marsden obtiendra votre consentement si les informations sont nécessaires à une autre fin.</p>



<p>Dans ces circonstances, nous collectons, utilisons et sommes responsables de certaines informations personnelles vous concernant. Lorsque nous le faisons, nous sommes régis par la Loi 25 et d&rsquo;autres lois sur la protection des données et nous sommes responsables, en tant que contrôleurs, de ces informations personnelles selon ces lois.</p>



<p>Nous avons nommé un responsable de la protection des données personnelles chargé de superviser les questions relatives à cette politique de confidentialité. Si vous avez des questions sur cette politique de confidentialité, y compris toute demande d&rsquo;exercice de vos droits légaux, veuillez contacter le Responsable de la protection des données personnelles en utilisant les coordonnées ci-dessous.</p>



<h2 class="wp-block-heading">Coordonnées</h2>



<p>Si vous avez des questions sur cette politique de confidentialité, vous pouvez contacter notre Responsable de la protection des données personnelles de la manière suivante :</p>



<p><strong>Nom complet de l&rsquo;entité légale : Centre Eva Marsden</strong><br><strong>Nom du Responsable de la protection des données personnelles :</strong> Jessica Formichella<br><strong>Adresse électronique du Responsable :</strong> <a href="mailto:jformichella@emcmtl.org">jformichella@emcmtl.org</a><br><strong>Adresse :</strong> 88 Av. Ballantyne Nord, Montréal-Ouest, QC H4X 2B8</p>



<h2 class="wp-block-heading">Comment nous utilisons les cookies</h2>



<p>Lorsque vous visitez notre site Web, vous pouvez nous fournir des informations via des cookies ou des technologies similaires.</p>



<p>Les cookies sont des fichiers contenant une petite quantité de données sur un utilisateur particulier. Ces données peuvent inclure un identifiant unique anonyme. Les cookies sont stockés sur l&rsquo;ordinateur de l&rsquo;utilisateur ou sur le disque dur d&rsquo;un autre appareil. Ils nous permettent d&rsquo;adapter votre expérience utilisateur à chaque visite sur notre site.</p>



<p>Les cookies que nous utilisons remplissent jusqu&rsquo;à quatre fonctions différentes :</p>



<ol class="wp-block-list">
<li>Cookies de performance : nous utilisons ces cookies pour améliorer les performances du site.</li>



<li>Cookies d&rsquo;analyse : nous utilisons ces cookies pour analyser la façon dont nos visiteurs utilisent notre site.</li>



<li>Cookies de fonctionnalité : nous utilisons ces cookies pour nous souvenir de vos préférences à chaque visite sur notre site.</li>



<li>Cookies essentiels : certains cookies sont essentiels au fonctionnement de notre site. Désactiver ces cookies vous empêchera d&rsquo;accéder à notre site ou d&rsquo;utiliser certaines de ses fonctionnalités.</li>
</ol>



<p>Veuillez noter que vous pouvez demander à votre navigateur de désactiver les cookies que nous utilisons. Cependant, cela peut vous empêcher d&rsquo;accéder correctement à notre site Web.</p>



<p>Si vous souhaitez obtenir plus d&rsquo;informations sur les cookies, vous pouvez visiter le site suivant : <a href="about:blank">[https://www.allaboutcookies.org](https://www.allaboutcookies.org).</a></p>



<p>Pour en savoir plus sur les cookies utilisés par Google : <a href="https://policies.google.com/technologies/cookies?hl=fr-CA%5D(https://policies.google.com/technologies/cookies?hl=fr-CA)">[https://policies.google.com/technologies/cookies?hl=fr-CA](https://policies.google.com/technologies/cookies?hl=fr-CA).</a></p>



<h2 class="wp-block-heading">Modifications de la politique</h2>



<p>Veuillez noter que cette déclaration de confidentialité peut changer de temps à autre. Nous ne réduirons pas vos droits en vertu de cette politique sans votre consentement explicite, et nous nous attendons à ce que la plupart de ces changements soient mineurs.</p>



<h2 class="wp-block-heading">Consentement pour les photos</h2>



<p>Le consentement pour les photos sera inclus lors de notre processus d&rsquo;admission et pourra être modifié à tout moment. Votre photo peut être utilisée dans des bulletins d&rsquo;information, des rapports annuels et des présentations.</p>



<h2 class="wp-block-heading">Comment nous contacter</h2>



<p>Si vous avez des questions concernant cette politique de confidentialité, les pratiques de ce site ou vos interactions avec ce site, vous pouvez nous contacter par courriel à<a href="mailto:info@emcmtl.org"> info@emcmtl.org.</a></p>



<div style="height:100px" aria-hidden="true" class="wp-block-spacer"></div>

<p>Le 17 juillet 2024 Le Centre Eva Marsden a créé cette déclaration de confidentialité pour démontrer notre ferme engagement envers la confidentialité. Ce qui suit divulgue les pratiques de collecte et de diffusion des informations pour ce site Web. Quelles informations le Centre Eva Marsden collecte-t-il ? Certaines informations, telles que (mais sans s&rsquo;y limiter) &#8230; <a title="Politique de confidentialité" class="read-more" href="https://emcmtl.org/fr/privacy/politique-confidentialite/" aria-label="En savoir plus sur Politique de confidentialité">Lire la suite</a></p>
